)/(-1))/j). Calculate the highest common divisor of l and y.
8
Suppose -q + 42 = -0*q. Let b be (1936/55)/(-2 - q/(-20)). Calculate the highest common divisor of b and 32.
32
Suppose 10 = -2*v, -5*f + 0*f - v + 40 = 0. Let c be 2/f + 3558/27. Calculate the highest common factor of 12 and c.
12
Suppose 4*z + 3*c = -213, 295 = -6*z + z + 2*c. Let x be -4 + z/(-9)*3. What is the highest common factor of 6 and x?
3
Let c be ((-119)/(-14))/((-5)/(-80)). Calculate the greatest common factor of 68 and c.
68
Let c be ((-48)/(-10))/(27333/(-3420) - -8). What is the greatest common factor of c and 57?
19
Let k = 26 + -16. Let a(y) = 2*y - 4*y + 2 - 12. Let n be a(-6). What is the highest common factor of k and n?
2
Suppose -j = 3*m - 39, 2*j + 40*m - 41*m = 43. Calculate the highest common divisor of j and 156.
12
Let p = -1614 - -1620. What is the highest common divisor of p and 2274?
6
Suppose -57 = -4*p + 47. Let a be -5*(1 - p/5). Let t be 0 + a + (-6)/(-2). Calculate the greatest common factor of t and 4.
4
Let i(c) = -39*c - 248. Let g be i(-7). Calculate the greatest common divisor of g and 20.
5
Let m(p) = 47*p**3 - p**2 - p. Let i be m(2). What is the greatest common factor of 222 and i?
74
Let z = -15 - -106. Calculate the greatest common factor of z and 117.
13
Let i(q) = 2*q - 3. Let j be i(7). Let n be (-6)/2 + j + -1. Let t be (-1)/(-3) + 164/12. What is the greatest common divisor of t and n?
7
Let n(f) = -2*f**3 - 13*f**2 - 13*f + 17. Let s be n(-9). What is the greatest common factor of s and 49?
49
Suppose 2*j - 46 = -12. Let q(v) = v**2 + 10*v - 7. Let u be q(-12). What is the highest common divisor of u and j?
17
Suppose -o - 40 = -5*m, m + 3*m = -2*o + 46. What is the highest common factor of 153 and m?
9
Let r = 18 + -15. Let o be r - (1 + -4 - -4). Calculate the highest common factor of o and 8.
2
Let l(i) = i**2 - i + 16. Let t be (18/4)/(-1) + (-27)/(-54). Let v be l(t). Calculate the highest common factor of 8 and v.
4
Suppose -9 = l - 4*l. Suppose -4*z - y + 50 = 2*y, -l*z - 5*y = -32. What is the greatest common factor of 14 and z?
14
Suppose 2*b + 8*j - 36 = 4*j, 0 = 4*b + 3*j - 82. Let q = 5 + 17. Calculate the greatest common divisor of b and q.
22
Suppose 590 = 34*l - 1450. What is the greatest common divisor of l and 1260?
60
Let j be (-6)/(-15) + (-16)/(-10). Suppose -44 = -j*f + 28. Suppose -30*s = 72 - 192. Calculate the greatest common divisor of s and f.
4
Let k be 32/12*(-2898)/(-24). What is the highest common divisor of 42 and k?
14
Let r(h) = -h**3 - 16*h**2 - 8*h + 4. Let d be r(-16). Calculate the highest common factor of 192 and d.
12
Let g = 92 - 66. Let y = 9 + 17. Suppose -d + y = 2*k - 3*d, 13 = k - 2*d. Calculate the greatest common factor of k and g.
13
Let u(p) = -2*p**2 + 76*p + 89. Let j be u(39). What is the highest common factor of j and 4?
1
Let l = 15 - 43. Let y be (70/8)/((-7)/l). Calculate the highest common factor of 7 and y.
7
Let j = 2 - -5. Suppose -w = 4*r - 256, 35 + 36 = r + 2*w. What is the highest common factor of j and r?
7
Let n be 48 + (-12)/6 + -1. Calculate the highest common factor of 15 and n.
15
Let s = 14 + 1. Suppose 3*p + p - 3*x = 72, -2*p + x = -34. Let q be -10*(0 + (3 - p)). Calculate the highest common factor of s and q.
15
Let k(w) = 94*w - 2712. Let n be k(29). Suppose 5*t - 47 = 23. Calculate the greatest common divisor of t and n.
14
Suppose -2*m = 0, -m - 8 = -3*y + 13. Suppose -y*u = -5*u - 30. What is the greatest common factor of 3 and u?
3
Let y = 126 + 36. Let l = 45 - 27. Calculate the greatest common divisor of y and l.
18
Let z = -1065 + 1777. What is the highest common factor of z and 8?
8
Suppose 3*w - 3*p - 15 = -3, 0 = 4*p + 8. Suppose 6*z = 11*z - 820. Let j = -162 + z. Calculate the greatest common factor of j and w.
2
Let n be 5 - (-5 + 7)*(-1676)/8. Calculate the highest common divisor of n and 8.
8
Suppose 7*n - 146 + 6 = 0. Suppose -8*b = -4*b - 320. Calculate the highest common divisor of n and b.
20
Suppose 9 - 5 = p. Let k be (-2 + 2 - -16)*p. Let b = k - 22. What is the greatest common divisor of b and 28?
14
Let a(k) = -k**2 + 25*k - 38. Let n be a(6). Calculate the greatest common factor of 988 and n.
76
Suppose -3*j - 2*j - 870 = 0. Let m be j/(-14) - 30/70. What is the highest common divisor of m and 12?
12
Let r = -331 + 388. Calculate the highest common divisor of r and 114.
57
Let z be ((3 - 7) + 10)*-7. Let w be (6/(-4))/(7/z). What is the highest common factor of w and 9?
9
Suppose -7 - 11 = -5*o + 3*z, -9 = -4*o - 3*z. Suppose 5*c + 246 = 3*q, q + 157 = o*q - c. Let h = 2 + 9. What is the greatest common divisor of h and q?
11
Let i(l) = -l**2 + 13*l + 9. Let q be i(13). What is the highest common divisor of q and 63?
9
Let q be 1 + -3 + -3 + 3. Suppose f + n - 4 = 0, 2*f + n - 16 = -2*f. Let a be q/3*(-102)/f. Calculate the highest common divisor of 34 and a.
17
Let t = -227 - -265. Calculate the greatest common divisor of t and 304.
38
Suppose -13*w + 2016 = -909. Calculate the highest common factor of w and 600.
75
Let z be 8/16*318/3. What is the greatest common divisor of 212 and z?
53
Suppose -5*a - 409 = 5*p - 1449, 0 = -p + 3*a + 216. What is the greatest common factor of p and 70?
70
Suppose 2*q + 8 = n - 3, 0 = -3*n - q + 40. What is the highest common divisor of 52 and n?
13
Suppose 4*f + 3*t - 483 = 0, -2*t - 358 = -0*f - 3*f. Suppose 0*a = 5*a - f. Calculate the greatest common factor of a and 192.
24
Suppose -1 = -16*h - 1. Suppose h = -w, -5*q + 0*q + 4*w + 160 = 0. What is the highest common divisor of 16 and q?
16
Suppose 216 = 8*k - 5*k. Let r = 88 - k. What is the greatest common factor of r and 112?
16
Suppose -q = 3*x - 18, 4*q = -0*x - x + 116. Suppose 3*b = 3*l + 178 - 1, -b + 4*l + 56 = 0. What is the highest common divisor of b and q?
30
Let p = -109 - -354. Calculate the highest common factor of 280 and p.
35
Let r(n) = 12*n**3 - 4*n**2 - 2. Let a be r(3). Let d = -130 + a. What is the highest common factor of 39 and d?
39
Suppose 2*w + p - 123 = 0, 162 = 4*w + 5*p - 75. What is the greatest common divisor of 14 and w?
7
Let b = 9 - 106. Let z = b - -102. What is the greatest common factor of 5 and z?
5
Suppose 8 = 2*l - 10. Let f = l - 15. Let p be (2 + 1)*(-8)/f. What is the highest common factor of 10 and p?
2
Let u = 6 + -4. Let n(t) = t**2 - 19*t + 36. Let b be n(17). Suppose -z - 13 = -2*m, m + b*z - 20 = -u*z. Calculate the highest common divisor of m and 8.
8
Let s = -29 - -19. Let o = s - -26. What is the greatest common divisor of o and 16?
16
Suppose 51894 = -1148*z + 1166*z. What is the highest common divisor of 93 and z?
93
Let k be (-4)/(-26) + 2/(-13). Suppose 4*p - 6*p - 242 = k. Let n = 247 + p. What is the greatest common divisor of n and 18?
18
Let p be 48/((15/6 - 2) + 1). Let h = 6 - 3. Let c(a) = a**2 - 3*a + 4. Let d be c(h). Calculate the greatest common factor of d and p.
4
Let g(z) = -5*z. Let y = -18 + 17. Let u be g(y). Suppose u*i = -59 + 259. Calculate the greatest common divisor of 16 and i.
8
Suppose -3*h = w + 3*w - 12, 0 = 5*h. Let l be 4*(w - 39/12). Let v be l/(-5) + 1279/5. What is the highest common factor of v and 32?
32
Suppose -8*d + 2*m - 11 = -13*d, -3*d + 11 = -m. Calculate the highest common divisor of d and 21.
3
Let j(m) = -m + 12. Let i be j(9). Suppose 0*g - 5*g + 30 = -s, 3*g + 36 = -i*s. Let h be (6/s)/((-1)/15). What is the greatest common divisor of 2 and h?
2
Let p = -41 - -52. Suppose p*j = 507 + 21. What is the highest common divisor of j and 120?
24
Let l be 41 - (3 + -7 + 4)/3. Calculate the greatest common factor of 246 and l.
41
Let t = 262 - 122. Suppose 3*w - 2*w + 5*g = 25, 4*w + 4*g = 36. Suppose -2*s + 2*l + 26 = -s, 94 = w*s + 2*l. Calculate the greatest common divisor of t and s.
20
Let o be 3/1 - (-5)/(-5). Let r be (0 + o)*(-130)/(-20). Let k = r + 15. What is the highest common factor of 140 and k?
28
Let g(q) = -10*q**3 + q**2 + 6*q + 5. Let k be g(-5). Calculate the highest common divisor of 10 and k.
10
Let h = 1931 - 1915. Calculate the greatest common factor of h and 5392.
16
Suppose 0 = -3*n, -4*n - 32 - 2 = -2*z. Calculate the highest common divisor of 1 and z.
1
Suppose 3*u = -3*f - 3, 0 = 5*f - u - 6 - 19. Let x be -6*((-980